{"id":45,"date":"2025-09-07T19:10:19","date_gmt":"2025-09-07T19:10:19","guid":{"rendered":"https:\/\/www.karagullefurniture.com\/?page_id=45"},"modified":"2025-11-17T06:39:09","modified_gmt":"2025-11-17T06:39:09","slug":"hakkimizda","status":"publish","type":"page","link":"https:\/\/www.karagullefurniture.com\/index.php\/hakkimizda\/","title":{"rendered":"Hakk\u0131m\u0131zda"},"content":{"rendered":"<p><div class=\"fusion-bg-parallax\" data-bg-align=\"center center\" data-direction=\"up\" data-mute=\"false\" data-opacity=\"100\" data-velocity=\"-0.3\" data-mobile-enabled=\"false\" data-break_parents=\"0\" data-bg-image=\"http:\/\/www.karagullefurniture.com\/wp-content\/uploads\/2025\/11\/karagulle-ustalik.jpg\" data-bg-repeat=\"false\" ><\/div><div class=\"fusion-fullwidth fullwidth-box fusion-builder-row-1 fusion-flex-container has-pattern-background has-mask-background fusion-parallax-up nonhundred-percent-fullwidth non-hundred-percent-height-scrolling\" style=\"--awb-border-radius-top-left:0px;--awb-border-radius-top-right:0px;--awb-border-radius-bottom-right:0px;--awb-border-radius-bottom-left:0px;--awb-padding-top:200px;--awb-padding-bottom:200px;--awb-margin-top:-60px;--awb-background-image:url(&quot;http:\/\/www.karagullefurniture.com\/wp-content\/uploads\/2025\/11\/karagulle-ustalik.jpg&quot;);--awb-background-size:cover;--awb-flex-wrap:wrap;\" ><div class=\"fusion-builder-row fusion-row fusion-flex-align-items-center fusion-flex-align-content-center fusion-flex-content-wrap\" style=\"max-width:1248px;margin-left: calc(-4% \/ 2 );margin-right: calc(-4% \/ 2 );\"><div class=\"fusion-layout-column fusion_builder_column fusion-builder-column-0 fusion_builder_column_1_2 1_2 fusion-flex-column fusion-flex-align-self-center\" style=\"--awb-bg-size:cover;--awb-width-large:50%;--awb-margin-top-large:0px;--awb-spacing-right-large:3.84%;--awb-margin-bottom-large:20px;--awb-spacing-left-large:3.84%;--awb-width-medium:50%;--awb-order-medium:0;--awb-spacing-right-medium:3.84%;--awb-spacing-left-medium:3.84%;--awb-width-small:100%;--awb-order-small:0;--awb-spacing-right-small:1.92%;--awb-spacing-left-small:1.92%;\"><div class=\"fusion-column-wrapper fusion-column-has-shadow fusion-flex-justify-content-flex-start fusion-content-layout-column\"><div class=\"fusion-title title fusion-title-1 fusion-sep-none fusion-title-text fusion-title-size-two\" style=\"--awb-text-color:var(--awb-color1);--awb-margin-top-small:10px;--awb-margin-right-small:0px;--awb-margin-bottom-small:10px;--awb-margin-left-small:0px;--awb-font-size:30px;\"><h2 class=\"fusion-title-heading title-heading-left\" style=\"margin:0;font-size:1em;\">B\u0130R USTALIK M\u0130RASI<\/h2><\/div><div class=\"fusion-title title fusion-title-2 fusion-sep-none fusion-title-rotating fusion-animate-once fusion-title-fadeIn fusion-title-size-three\" style=\"--awb-text-color:var(--awb-custom_color_1);--awb-margin-top:-20px;--awb-margin-top-small:10px;--awb-margin-right-small:0px;--awb-margin-bottom-small:10px;--awb-margin-left-small:0px;--awb-font-size:60px;\"><h3 class=\"fusion-title-heading title-heading-left\" style=\"margin:0;font-size:1em;\"><span class=\"fusion-animated-text-prefix\"><\/span> <span class=\"fusion-animated-texts-wrapper\" style=\"text-align: center;\" data-length=\"char\"><span class=\"fusion-animated-texts\"><span data-in-effect=\"fadeIn\" class=\"fusion-animated-text\" data-in-sequence=\"true\" data-out-reverse=\"true\" data-out-effect=\"fadeOut\">Karag\u00fclle<\/span><\/span><\/span> <span class=\"fusion-animated-text-postfix\"><\/span><\/h3><\/div><div class=\"fusion-text fusion-text-1\" style=\"--awb-text-color:var(--awb-color1);--awb-text-font-family:&quot;Questrial&quot;;--awb-text-font-style:normal;--awb-text-font-weight:400;\"><p><span dir=\"ltr\" role=\"presentation\">Her \u015fey, zaman\u0131n yava\u015f akt\u0131\u011f\u0131, zanaat\u0131n sab\u0131rla ve tutkuyla \u015fekillendi\u011fi <\/span><span dir=\"ltr\" role=\"presentation\">topraklarda ba\u015flad\u0131. Nesiller boyunca en nadide a\u011fa\u00e7lar\u0131n f\u0131s\u0131lt\u0131lar\u0131n\u0131 dinleyen, <\/span><span dir=\"ltr\" role=\"presentation\">malzemenin ruhuna dokunan ustalar\u0131n elinde do\u011fdu Karag\u00fclle\u2019nin miras\u0131. Bu <\/span><span dir=\"ltr\" role=\"presentation\">miras, sadece mobilya \u00fcretme sanat\u0131 de\u011fil, ayn\u0131 zamanda ah\u015faba, mermere ve <\/span><span dir=\"ltr\" role=\"presentation\">metale hayat verme, onlara bir kimlik ve hikaye kazand\u0131rma sanat\u0131d\u0131r. Biz bu <\/span><span dir=\"ltr\" role=\"presentation\">miras\u0131, modern d\u00fcnyan\u0131n dinamikleriyle yeniden yorumlayan \u00e7a\u011fda\u015f <\/span><span dir=\"ltr\" role=\"presentation\">zanaatkarlar\u0131z.<\/span><\/p>\n<\/div><\/div><\/div><div class=\"fusion-layout-column fusion_builder_column fusion-builder-column-1 fusion_builder_column_1_2 1_2 fusion-flex-column\" style=\"--awb-bg-size:cover;--awb-width-large:50%;--awb-margin-top-large:0px;--awb-spacing-right-large:3.84%;--awb-margin-bottom-large:20px;--awb-spacing-left-large:3.84%;--awb-width-medium:50%;--awb-order-medium:0;--awb-spacing-right-medium:3.84%;--awb-spacing-left-medium:3.84%;--awb-width-small:100%;--awb-order-small:0;--awb-spacing-right-small:1.92%;--awb-spacing-left-small:1.92%;\"><div class=\"fusion-column-wrapper fusion-column-has-shadow fusion-flex-justify-content-flex-start fusion-content-layout-column\"><\/div><\/div><\/div><\/div><div class=\"fusion-fullwidth fullwidth-box fusion-builder-row-2 fusion-flex-container has-pattern-background has-mask-background nonhundred-percent-fullwidth non-hundred-percent-height-scrolling\" style=\"--awb-border-radius-top-left:0px;--awb-border-radius-top-right:0px;--awb-border-radius-bottom-right:0px;--awb-border-radius-bottom-left:0px;--awb-padding-top:200px;--awb-padding-bottom:200px;--awb-flex-wrap:wrap;\" ><div class=\"awb-background-pattern\" style=\"background-image:  url(http:\/\/www.karagullefurniture.com\/wp-content\/uploads\/2025\/09\/star.png);opacity: 0.01 ;background-size:50px;mix-blend-mode:normal;\"><\/div><div class=\"fusion-builder-row fusion-row fusion-flex-align-items-stretch fusion-flex-align-content-center fusion-flex-content-wrap\" style=\"max-width:1248px;margin-left: calc(-4% \/ 2 );margin-right: calc(-4% \/ 2 );\"><div class=\"fusion-layout-column fusion_builder_column fusion-builder-column-2 fusion_builder_column_1_1 1_1 fusion-flex-column fusion-flex-align-self-center\" style=\"--awb-bg-size:cover;--awb-width-large:100%;--awb-margin-top-large:0px;--awb-spacing-right-large:1.92%;--awb-margin-bottom-large:20px;--awb-spacing-left-large:1.92%;--awb-width-medium:100%;--awb-order-medium:0;--awb-spacing-right-medium:1.92%;--awb-spacing-left-medium:1.92%;--awb-width-small:100%;--awb-order-small:0;--awb-spacing-right-small:1.92%;--awb-spacing-left-small:1.92%;\"><div class=\"fusion-column-wrapper fusion-column-has-shadow fusion-flex-justify-content-flex-start fusion-content-layout-column\"><div class=\"fusion-title title fusion-title-3 fusion-sep-none fusion-title-center fusion-title-rotating fusion-animate-once fusion-title-fadeIn fusion-title-size-three\" style=\"--awb-text-color:var(--awb-custom_color_1);--awb-margin-top-small:10px;--awb-margin-right-small:0px;--awb-margin-bottom-small:10px;--awb-margin-left-small:0px;--awb-font-size:50px;\"><h3 class=\"fusion-title-heading title-heading-center\" style=\"margin:0;font-size:1em;\"><span class=\"fusion-animated-text-prefix\"><\/span> <span class=\"fusion-animated-texts-wrapper\" style=\"text-align: center;\" data-length=\"char\"><span class=\"fusion-animated-texts\"><span data-in-effect=\"fadeIn\" class=\"fusion-animated-text\" data-in-sequence=\"true\" data-out-reverse=\"true\" data-out-effect=\"fadeOut\">\u0130lham\u0131n Kayna\u011f\u0131<\/span><\/span><\/span> <span class=\"fusion-animated-text-postfix\"><\/span><\/h3><\/div><div class=\"fusion-title title fusion-title-4 fusion-sep-none fusion-title-center fusion-title-text fusion-title-size-two\" style=\"--awb-text-color:var(--awb-custom_color_2);--awb-margin-top:-20px;--awb-margin-top-small:10px;--awb-margin-right-small:0px;--awb-margin-bottom-small:10px;--awb-margin-left-small:0px;--awb-font-size:30px;\"><h2 class=\"fusion-title-heading title-heading-center\" style=\"margin:0;font-size:1em;\">ANADOLU&#8217;NUN ZAMANSIZ ESTET\u0130\u011e\u0130<\/h2><\/div><div class=\"fusion-text fusion-text-2\" style=\"--awb-content-alignment:center;--awb-text-color:var(--awb-custom_color_2);--awb-margin-right:150px;--awb-margin-left:150px;--awb-text-font-family:&quot;Questrial&quot;;--awb-text-font-style:normal;--awb-text-font-weight:400;\"><p><span dir=\"ltr\" role=\"presentation\">Tasar\u0131mlar\u0131m\u0131z, medeniyetlerin bulu\u015fma noktas\u0131 olan Anadolu&#8217;nun binlerce y\u0131ll\u0131k <\/span><span dir=\"ltr\" role=\"presentation\">estetik zenginli\u011finden ilham al\u0131r.<br \/><\/span><span dir=\"ltr\" role=\"presentation\" style=\"letter-spacing: 0.24px; background-color: rgba(0, 0, 0, 0);\">Bir Sel\u00e7uklu motifinin geometrisindeki <\/span><span dir=\"ltr\" role=\"presentation\" style=\"letter-spacing: 0.24px; background-color: rgba(0, 0, 0, 0);\">kusursuzluk, bir Bo\u011faz yal\u0131s\u0131n\u0131n zarif sadeli\u011fi, Kapadokya&#8217;n\u0131n yumu\u015fak hatlar\u0131&#8230;<\/span><\/p>\n<p><span dir=\"ltr\" role=\"presentation\">Bu kodlar\u0131 evrensel tasar\u0131m diliyle birle\u015ftirerek, hem tan\u0131d\u0131k hem de \u015fa\u015f\u0131rt\u0131c\u0131 <\/span><span dir=\"ltr\" role=\"presentation\">derecede yeni formlar yarat\u0131yoruz. <br \/><\/span><span dir=\"ltr\" role=\"presentation\" style=\"letter-spacing: 0.24px; background-color: rgba(0, 0, 0, 0);\">Her bir Karag\u00fclle tasar\u0131m\u0131, k\u00f6kleri <\/span><span dir=\"ltr\" role=\"presentation\" style=\"letter-spacing: 0.24px; background-color: rgba(0, 0, 0, 0);\">derinlerde, dallar\u0131 ise gelece\u011fe uzanan bir a\u011fa\u00e7 gibidir; zamans\u0131z, g\u00fc\u00e7l\u00fc ve<br \/>her <\/span><span dir=\"ltr\" role=\"presentation\" style=\"letter-spacing: 0.24px; background-color: rgba(0, 0, 0, 0);\">zaman ilham verici.<\/span><\/p>\n<\/div><\/div><\/div><\/div><\/div><div class=\"fusion-bg-parallax\" data-bg-align=\"center center\" data-direction=\"up\" data-mute=\"false\" data-opacity=\"100\" data-velocity=\"-0.3\" data-mobile-enabled=\"false\" data-break_parents=\"0\" data-bg-image=\"http:\/\/www.karagullefurniture.com\/wp-content\/uploads\/2025\/11\/karagulle-usta-eller.jpg\" data-bg-repeat=\"false\" data-bg-gradient-type=\"linear\" data-bg-gradient-angle=\"90\" data-bg-gradient-start-color=\"rgba(255,255,255,0)\" data-bg-gradient-start-position=\"30\" data-bg-gradient-end-color=\"var(--awb-custom_color_2)\" data-bg-gradient-end-position=\"100\" data-bg-radial-direction=\"center center\" ><\/div><div class=\"fusion-fullwidth fullwidth-box fusion-builder-row-3 fusion-flex-container has-pattern-background has-mask-background fusion-parallax-up nonhundred-percent-fullwidth non-hundred-percent-height-scrolling\" style=\"--awb-border-radius-top-left:0px;--awb-border-radius-top-right:0px;--awb-border-radius-bottom-right:0px;--awb-border-radius-bottom-left:0px;--awb-padding-top:200px;--awb-padding-bottom:200px;--awb-background-image:linear-gradient(90deg, rgba(255,255,255,0) 30%,var(--awb-custom_color_2) 100%),url(http:\/\/www.karagullefurniture.com\/wp-content\/uploads\/2025\/11\/karagulle-usta-eller.jpg);;--awb-background-size:cover;--awb-flex-wrap:wrap;\" ><div class=\"fusion-builder-row fusion-row fusion-flex-align-items-center fusion-flex-align-content-center fusion-flex-content-wrap\" style=\"max-width:1248px;margin-left: calc(-4% \/ 2 );margin-right: calc(-4% \/ 2 );\"><div class=\"fusion-layout-column fusion_builder_column fusion-builder-column-3 fusion_builder_column_1_2 1_2 fusion-flex-column\" style=\"--awb-bg-size:cover;--awb-width-large:50%;--awb-margin-top-large:0px;--awb-spacing-right-large:3.84%;--awb-margin-bottom-large:20px;--awb-spacing-left-large:3.84%;--awb-width-medium:50%;--awb-order-medium:0;--awb-spacing-right-medium:3.84%;--awb-spacing-left-medium:3.84%;--awb-width-small:100%;--awb-order-small:0;--awb-spacing-right-small:1.92%;--awb-spacing-left-small:1.92%;\"><div class=\"fusion-column-wrapper fusion-column-has-shadow fusion-flex-justify-content-flex-start fusion-content-layout-column\"><\/div><\/div><div class=\"fusion-layout-column fusion_builder_column fusion-builder-column-4 fusion_builder_column_1_2 1_2 fusion-flex-column fusion-flex-align-self-center\" style=\"--awb-bg-size:cover;--awb-width-large:50%;--awb-margin-top-large:0px;--awb-spacing-right-large:3.84%;--awb-margin-bottom-large:20px;--awb-spacing-left-large:3.84%;--awb-width-medium:50%;--awb-order-medium:0;--awb-spacing-right-medium:3.84%;--awb-spacing-left-medium:3.84%;--awb-width-small:100%;--awb-order-small:0;--awb-spacing-right-small:1.92%;--awb-spacing-left-small:1.92%;\"><div class=\"fusion-column-wrapper fusion-column-has-shadow fusion-flex-justify-content-flex-start fusion-content-layout-column\"><div class=\"fusion-title title fusion-title-5 fusion-sep-none fusion-title-text fusion-title-size-two\" style=\"--awb-text-color:var(--awb-color1);--awb-margin-top-small:10px;--awb-margin-right-small:0px;--awb-margin-bottom-small:10px;--awb-margin-left-small:0px;--awb-font-size:30px;\"><h2 class=\"fusion-title-heading title-heading-left\" style=\"margin:0;font-size:1em;\">M\u00dcKEMELL\u0130\u011eE ADANMI\u015e ELLER<\/h2><\/div><div class=\"fusion-title title fusion-title-6 fusion-sep-none fusion-title-rotating fusion-animate-once fusion-title-fadeIn fusion-title-size-three\" style=\"--awb-text-color:var(--awb-custom_color_1);--awb-margin-top:-20px;--awb-margin-top-small:10px;--awb-margin-right-small:0px;--awb-margin-bottom-small:10px;--awb-margin-left-small:0px;--awb-font-size:50px;\"><h3 class=\"fusion-title-heading title-heading-left\" style=\"margin:0;font-size:1em;\"><span class=\"fusion-animated-text-prefix\"><\/span> <span class=\"fusion-animated-texts-wrapper\" style=\"text-align: center;\" data-length=\"char\"><span class=\"fusion-animated-texts\"><span data-in-effect=\"fadeIn\" class=\"fusion-animated-text\" data-in-sequence=\"true\" data-out-reverse=\"true\" data-out-effect=\"fadeOut\">Ustal\u0131\u011f\u0131n Dokunu\u015fu<\/span><\/span><\/span> <span class=\"fusion-animated-text-postfix\"><\/span><\/h3><\/div><div class=\"fusion-text fusion-text-3\" style=\"--awb-text-color:var(--awb-color1);--awb-text-font-family:&quot;Questrial&quot;;--awb-text-font-style:normal;--awb-text-font-weight:400;\"><p><span dir=\"ltr\" role=\"presentation\">At\u00f6lyelerimiz, teknolojinin en hassas yenilikleriyle usta ellerin sezgisel <\/span><span dir=\"ltr\" role=\"presentation\">dokunu\u015flar\u0131n\u0131n bulu\u015ftu\u011fu \u00f6nemli mekanlard\u0131r. Bizim i\u00e7in l\u00fcks, en kaliteli <\/span><span dir=\"ltr\" role=\"presentation\">malzemeyi se\u00e7mekle ba\u015flar. \u0130talya&#8217;n\u0131n damarl\u0131 mermerlerinden, Karadeniz&#8217;in asil <\/span><span dir=\"ltr\" role=\"presentation\">ceviz a\u011fa\u00e7lar\u0131na kadar d\u00fcnyan\u0131n en \u00f6zel materyallerini, onlara hak ettikleri <\/span><span dir=\"ltr\" role=\"presentation\">sayg\u0131y\u0131 g\u00f6steren zanaatkarlar\u0131m\u0131za emanet ederiz. Bir ah\u015fab\u0131n damarlar\u0131n\u0131 takip <\/span><span dir=\"ltr\" role=\"presentation\">eden el, bir mermeri sab\u0131rla parlatan dokunu\u015f, bir diki\u015fin kusursuz simetrisi&#8230;<\/span><\/p>\n<p><span dir=\"ltr\" role=\"presentation\">Her bir detay, m\u00fckemmelli\u011fe olan sars\u0131lmaz ba\u011fl\u0131l\u0131\u011f\u0131m\u0131z\u0131n bir imzas\u0131d\u0131r. Bu, seri <\/span><span dir=\"ltr\" role=\"presentation\">\u00fcretimin asla taklit edemeyece\u011fi bir ruhtur.<\/span><\/p>\n<\/div><\/div><\/div><\/div><\/div><div class=\"fusion-fullwidth fullwidth-box fusion-builder-row-4 fusion-flex-container has-pattern-background has-mask-background nonhundred-percent-fullwidth non-hundred-percent-height-scrolling\" style=\"--awb-border-radius-top-left:0px;--awb-border-radius-top-right:0px;--awb-border-radius-bottom-right:0px;--awb-border-radius-bottom-left:0px;--awb-padding-top:200px;--awb-padding-bottom:200px;--awb-flex-wrap:wrap;\" ><div class=\"awb-background-pattern\" style=\"background-image:  url(http:\/\/www.karagullefurniture.com\/wp-content\/uploads\/2025\/09\/star.png);opacity: 0.01 ;background-size:50px;mix-blend-mode:normal;\"><\/div><div class=\"fusion-builder-row fusion-row fusion-flex-align-items-stretch fusion-flex-align-content-center fusion-flex-content-wrap\" style=\"max-width:1248px;margin-left: calc(-4% \/ 2 );margin-right: calc(-4% \/ 2 );\"><div class=\"fusion-layout-column fusion_builder_column fusion-builder-column-5 fusion_builder_column_1_1 1_1 fusion-flex-column fusion-flex-align-self-center\" style=\"--awb-bg-size:cover;--awb-width-large:100%;--awb-margin-top-large:0px;--awb-spacing-right-large:1.92%;--awb-margin-bottom-large:20px;--awb-spacing-left-large:1.92%;--awb-width-medium:100%;--awb-order-medium:0;--awb-spacing-right-medium:1.92%;--awb-spacing-left-medium:1.92%;--awb-width-small:100%;--awb-order-small:0;--awb-spacing-right-small:1.92%;--awb-spacing-left-small:1.92%;\"><div class=\"fusion-column-wrapper fusion-column-has-shadow fusion-flex-justify-content-flex-start fusion-content-layout-column\"><div class=\"fusion-title title fusion-title-7 fusion-sep-none fusion-title-center fusion-title-rotating fusion-animate-once fusion-title-fadeIn fusion-title-size-three\" style=\"--awb-text-color:var(--awb-custom_color_1);--awb-margin-top-small:10px;--awb-margin-right-small:0px;--awb-margin-bottom-small:10px;--awb-margin-left-small:0px;--awb-font-size:40px;\"><h3 class=\"fusion-title-heading title-heading-center\" style=\"margin:0;font-size:1em;\"><span class=\"fusion-animated-text-prefix\"><\/span> <span class=\"fusion-animated-texts-wrapper\" style=\"text-align: center;\" data-length=\"char\"><span class=\"fusion-animated-texts\"><span data-in-effect=\"fadeIn\" class=\"fusion-animated-text\" data-in-sequence=\"true\" data-out-reverse=\"true\" data-out-effect=\"fadeOut\">Ki\u015fisel Bir Deneyim<\/span><\/span><\/span> <span class=\"fusion-animated-text-postfix\"><\/span><\/h3><\/div><div class=\"fusion-title title fusion-title-8 fusion-sep-none fusion-title-center fusion-title-text fusion-title-size-two\" style=\"--awb-text-color:var(--awb-custom_color_2);--awb-margin-top:-20px;--awb-margin-top-small:10px;--awb-margin-right-small:0px;--awb-margin-bottom-small:10px;--awb-margin-left-small:0px;--awb-font-size:30px;\"><h2 class=\"fusion-title-heading title-heading-center\" style=\"margin:0;font-size:1em;\">B\u0130R MOB\u0130LYADAN DAHA FAZLASI<\/h2><\/div><div class=\"fusion-text fusion-text-4\" style=\"--awb-content-alignment:center;--awb-text-color:var(--awb-custom_color_2);--awb-margin-right:150px;--awb-margin-left:150px;--awb-text-font-family:&quot;Questrial&quot;;--awb-text-font-style:normal;--awb-text-font-weight:400;\"><p><span dir=\"ltr\" role=\"presentation\">M\u00fc\u015fterilerimiz i\u00e7in biz, sadece mobilya sunan bir marka de\u011fil, onlar\u0131n <\/span><span dir=\"ltr\" role=\"presentation\">hayallerindeki ya\u015fam alanlar\u0131n\u0131 birlikte tasarlayan bir yol arkada\u015f\u0131y\u0131z. Her bir <\/span><span dir=\"ltr\" role=\"presentation\">par\u00e7a, sahibinin ki\u015fili\u011fiyle b\u00fct\u00fcnle\u015fmek, onun an\u0131lar\u0131na ev sahipli\u011fi yapmak ve <\/span><span dir=\"ltr\" role=\"presentation\">y\u0131llar ge\u00e7tik\u00e7e daha da de\u011ferlenen bir aile yadigar\u0131na d\u00f6n\u00fc\u015fmek \u00fczere <\/span><span dir=\"ltr\" role=\"presentation\">tasarlan\u0131r.<\/span><\/p>\n<\/div><\/div><\/div><\/div><\/div><div class=\"fusion-bg-parallax\" data-bg-align=\"center center\" data-direction=\"up\" data-mute=\"false\" data-opacity=\"100\" data-velocity=\"-0.3\" data-mobile-enabled=\"false\" data-break_parents=\"0\" data-bg-image=\"http:\/\/www.karagullefurniture.com\/wp-content\/uploads\/2025\/11\/karagulle-calisanlar.jpg\" data-bg-repeat=\"false\" data-bg-gradient-type=\"linear\" data-bg-gradient-angle=\"270\" data-bg-gradient-start-color=\"rgba(255,255,255,0)\" data-bg-gradient-start-position=\"0\" data-bg-gradient-end-color=\"var(--awb-custom_color_2)\" data-bg-gradient-end-position=\"100\" data-bg-radial-direction=\"center center\" ><\/div><div class=\"fusion-fullwidth fullwidth-box fusion-builder-row-5 fusion-flex-container has-pattern-background has-mask-background fusion-parallax-up nonhundred-percent-fullwidth non-hundred-percent-height-scrolling\" style=\"--awb-border-radius-top-left:0px;--awb-border-radius-top-right:0px;--awb-border-radius-bottom-right:0px;--awb-border-radius-bottom-left:0px;--awb-padding-top:200px;--awb-padding-bottom:200px;--awb-background-image:linear-gradient(270deg, rgba(255,255,255,0) 0%,var(--awb-custom_color_2) 100%),url(http:\/\/www.karagullefurniture.com\/wp-content\/uploads\/2025\/11\/karagulle-calisanlar.jpg);;--awb-background-size:cover;--awb-flex-wrap:wrap;\" ><div class=\"fusion-builder-row fusion-row fusion-flex-align-items-center fusion-flex-align-content-center fusion-flex-content-wrap\" style=\"max-width:1248px;margin-left: calc(-4% \/ 2 );margin-right: calc(-4% \/ 2 );\"><div class=\"fusion-layout-column fusion_builder_column fusion-builder-column-6 fusion_builder_column_1_2 1_2 fusion-flex-column fusion-flex-align-self-center\" style=\"--awb-bg-size:cover;--awb-width-large:50%;--awb-margin-top-large:0px;--awb-spacing-right-large:3.84%;--awb-margin-bottom-large:20px;--awb-spacing-left-large:3.84%;--awb-width-medium:50%;--awb-order-medium:0;--awb-spacing-right-medium:3.84%;--awb-spacing-left-medium:3.84%;--awb-width-small:100%;--awb-order-small:0;--awb-spacing-right-small:1.92%;--awb-spacing-left-small:1.92%;\"><div class=\"fusion-column-wrapper fusion-column-has-shadow fusion-flex-justify-content-flex-start fusion-content-layout-column\"><div class=\"fusion-title title fusion-title-9 fusion-sep-none fusion-title-text fusion-title-size-two\" style=\"--awb-text-color:var(--awb-color1);--awb-margin-top-small:10px;--awb-margin-right-small:0px;--awb-margin-bottom-small:10px;--awb-margin-left-small:0px;--awb-font-size:30px;\"><h2 class=\"fusion-title-heading title-heading-left\" style=\"margin:0;font-size:1em;\">KARAG\u00dcLLE V\u0130ZYONU<\/h2><\/div><div class=\"fusion-title title fusion-title-10 fusion-sep-none fusion-title-rotating fusion-animate-once fusion-title-fadeIn fusion-title-size-three\" style=\"--awb-text-color:var(--awb-custom_color_1);--awb-margin-top:-20px;--awb-margin-top-small:10px;--awb-margin-right-small:0px;--awb-margin-bottom-small:10px;--awb-margin-left-small:0px;--awb-font-size:50px;\"><h3 class=\"fusion-title-heading title-heading-left\" style=\"margin:0;font-size:1em;\"><span class=\"fusion-animated-text-prefix\"><\/span> <span class=\"fusion-animated-texts-wrapper\" style=\"text-align: center;\" data-length=\"char\"><span class=\"fusion-animated-texts\"><span data-in-effect=\"fadeIn\" class=\"fusion-animated-text\" data-in-sequence=\"true\" data-out-reverse=\"true\" data-out-effect=\"fadeOut\">Gelece\u011fe Miras<\/span><\/span><\/span> <span class=\"fusion-animated-text-postfix\"><\/span><\/h3><\/div><div class=\"fusion-text fusion-text-5\" style=\"--awb-text-color:var(--awb-color1);--awb-text-font-family:&quot;Questrial&quot;;--awb-text-font-style:normal;--awb-text-font-weight:400;\"><p><span dir=\"ltr\" role=\"presentation\">Karag\u00fclle olarak vizyonumuz, T\u00fcrkiye&#8217;den \u00e7\u0131kan bir l\u00fcks mobilya markas\u0131n\u0131n <\/span><span dir=\"ltr\" role=\"presentation\">ad\u0131n\u0131, d\u00fcnyan\u0131n en prestijli projelerine ve en se\u00e7kin evlerine alt\u0131n harflerle <\/span><span dir=\"ltr\" role=\"presentation\">yazd\u0131rmakt\u0131r. Biz, ge\u00e7ici trendlerin pe\u015finde de\u011fil, nesiller boyu s\u00fcrecek bir <\/span><span dir=\"ltr\" role=\"presentation\">estetik anlay\u0131\u015f\u0131n ve kalitenin pe\u015findeyiz. <\/span><span dir=\"ltr\" role=\"presentation\">\u00c7\u00fcnk\u00fc biz inan\u0131yoruz ki ger\u00e7ek l\u00fcks, g\u00f6steri\u015fte de\u011fil, detaydaki zarafette, <\/span><span dir=\"ltr\" role=\"presentation\">malzemedeki asalette ve ard\u0131ndaki hikayenin derinli\u011findedir.<\/span><\/p>\n<\/div><\/div><\/div><div class=\"fusion-layout-column fusion_builder_column fusion-builder-column-7 fusion_builder_column_1_2 1_2 fusion-flex-column\" style=\"--awb-bg-size:cover;--awb-width-large:50%;--awb-margin-top-large:0px;--awb-spacing-right-large:3.84%;--awb-margin-bottom-large:20px;--awb-spacing-left-large:3.84%;--awb-width-medium:50%;--awb-order-medium:0;--awb-spacing-right-medium:3.84%;--awb-spacing-left-medium:3.84%;--awb-width-small:100%;--awb-order-small:0;--awb-spacing-right-small:1.92%;--awb-spacing-left-small:1.92%;\"><div class=\"fusion-column-wrapper fusion-column-has-shadow fusion-flex-justify-content-flex-start fusion-content-layout-column\"><\/div><\/div><\/div><\/div><\/p>\n","protected":false},"excerpt":{"rendered":"","protected":false},"author":1,"featured_media":0,"parent":0,"menu_order":0,"comment_status":"closed","ping_status":"closed","template":"100-width.php","meta":{"footnotes":""},"class_list":["post-45","page","type-page","status-publish","hentry"],"_links":{"self":[{"href":"https:\/\/www.karagullefurniture.com\/index.php\/wp-json\/wp\/v2\/pages\/45","targetHints":{"allow":["GET"]}}],"collection":[{"href":"https:\/\/www.karagullefurniture.com\/index.php\/wp-json\/wp\/v2\/pages"}],"about":[{"href":"https:\/\/www.karagullefurniture.com\/index.php\/wp-json\/wp\/v2\/types\/page"}],"author":[{"embeddable":true,"href":"https:\/\/www.karagullefurniture.com\/index.php\/wp-json\/wp\/v2\/users\/1"}],"replies":[{"embeddable":true,"href":"https:\/\/www.karagullefurniture.com\/index.php\/wp-json\/wp\/v2\/comments?post=45"}],"version-history":[{"count":12,"href":"https:\/\/www.karagullefurniture.com\/index.php\/wp-json\/wp\/v2\/pages\/45\/revisions"}],"predecessor-version":[{"id":456,"href":"https:\/\/www.karagullefurniture.com\/index.php\/wp-json\/wp\/v2\/pages\/45\/revisions\/456"}],"wp:attachment":[{"href":"https:\/\/www.karagullefurniture.com\/index.php\/wp-json\/wp\/v2\/media?parent=45"}],"curies":[{"name":"wp","href":"https:\/\/api.w.org\/{rel}","templated":true}]}}